{"id":44,"date":"2017-04-25T07:09:15","date_gmt":"2017-04-25T07:09:15","guid":{"rendered":"http:\/\/cerak.fi\/?page_id=44"},"modified":"2017-04-27T04:25:14","modified_gmt":"2017-04-27T04:25:14","slug":"yhteystiedot","status":"publish","type":"page","link":"https:\/\/cerak.fi\/?page_id=44","title":{"rendered":"YHTEYSTIEDOT"},"content":{"rendered":"<h2><span style=\"font-size: large; color: #3366ff;\"><span style=\"font-family: Arial,serif;\">UUDENMAAN CERAK OY<\/span><\/span><\/h2> <h3 align=\"LEFT\"><span style=\"color: #000000;\"><span style=\"font-family: Arial,serif;\"><span style=\"font-size: medium;\">Juha Tuominiemi<\/span><\/span><span style=\"font-family: Arial,serif;\"><span style=\"font-size: small;\"><br \/> Villisiantie 10, 01450 Vantaa<\/span><\/span><\/span><\/h3> <h3 align=\"LEFT\"><span style=\"color: #000000;\"><span style=\"font-family: Arial,serif;\"><span style=\"font-size: small;\">Puh:<\/span><\/span><span style=\"font-family: Arial,serif;\"><span style=\"font-size: large;\"> 050 &#8211; 408 7223<\/span><\/span><\/span><\/h3> <p align=\"LEFT\"><span style=\"font-family: Arial,serif;\"><span style=\"font-size: small;\">S\u00e4hk\u00f6posti : cerak ( \u00e4t ) kolumbus.fi tai juha.tuominiemi<span style=\"font-family: Arial,serif;\"><span style=\"font-size: small;\"> ( \u00e4t ) <\/span><\/span>kolumbus.fi<\/span><\/span><\/p> <h4 align=\"LEFT\"><span style=\"font-family: Arial,serif; color: #3366ff; font-size: medium;\">Ota yhteytt\u00e4 puhelimitse tai s\u00e4hk\u00f6postilla, niin kartoitetaan yhdess\u00e4, mink\u00e4lainen palvelukokonaisuus tai <\/span><span style=\"font-family: Arial,serif; color: #3366ff; font-size: medium;\">osapalvelu<\/span> <span style=\"font-family: Arial,serif; color: #3366ff; font-size: medium;\">soveltuu juuri Sinun\u00a0 hankkeeseesi.<\/span><\/h4> \n<div class=\"wpcf7 no-js\" id=\"wpcf7-f106-o1\" lang=\"fi\" dir=\"ltr\" data-wpcf7-id=\"106\">\n<div class=\"screen-reader-response\"><p role=\"status\" aria-live=\"polite\" aria-atomic=\"true\"><\/p> <ul><\/ul><\/div>\n<form action=\"\/index.php?rest_route=%2Fwp%2Fv2%2Fpages%2F44#wpcf7-f106-o1\" method=\"post\" class=\"wpcf7-form init\" aria-label=\"Yhteydenottolomake\" novalidate=\"novalidate\" data-status=\"init\">\n<fieldset class=\"hidden-fields-container\"><input type=\"hidden\" name=\"_wpcf7\" value=\"106\" \/><input type=\"hidden\" name=\"_wpcf7_version\" value=\"6.1.5\" \/><input type=\"hidden\" name=\"_wpcf7_locale\" value=\"fi\" \/><input type=\"hidden\" name=\"_wpcf7_unit_tag\" value=\"wpcf7-f106-o1\" \/><input type=\"hidden\" name=\"_wpcf7_container_post\" value=\"0\" \/><input type=\"hidden\" name=\"_wpcf7_posted_data_hash\" value=\"\" \/>\n<\/fieldset>\n<p><label> Nimi (pakollinen)<br \/>\n<span class=\"wpcf7-form-control-wrap\" data-name=\"your-name\"><input size=\"40\" maxlength=\"400\" class=\"wpcf7-form-control wpcf7-text wpcf7-validates-as-required\" aria-required=\"true\" aria-invalid=\"false\" value=\"\" type=\"text\" name=\"your-name\" \/><\/span> <\/label>\n<\/p>\n<p><label> S\u00e4hk\u00f6posti (pakollinen)<br \/>\n<span class=\"wpcf7-form-control-wrap\" data-name=\"your-email\"><input size=\"40\" maxlength=\"400\" class=\"wpcf7-form-control wpcf7-email wpcf7-validates-as-required wpcf7-text wpcf7-validates-as-email\" aria-required=\"true\" aria-invalid=\"false\" value=\"\" type=\"email\" name=\"your-email\" \/><\/span> <\/label>\n<\/p>\n<p><label> Aihe<br \/>\n<span class=\"wpcf7-form-control-wrap\" data-name=\"your-subject\"><input size=\"40\" maxlength=\"400\" class=\"wpcf7-form-control wpcf7-text\" aria-invalid=\"false\" value=\"\" type=\"text\" name=\"your-subject\" \/><\/span> <\/label>\n<\/p>\n<p><label> Viesti<br \/>\n<span class=\"wpcf7-form-control-wrap\" data-name=\"your-message\"><textarea cols=\"40\" rows=\"10\" maxlength=\"2000\" class=\"wpcf7-form-control wpcf7-textarea\" aria-invalid=\"false\" name=\"your-message\"><\/textarea><\/span> <\/label><br \/>\n<span class=\"wpcf7-form-control-wrap\" data-name=\"capital-quiz\"><label><span class=\"wpcf7-quiz-label\">Kumpi on suurempi, 3 vai 8?<\/span> <input size=\"40\" class=\"wpcf7-form-control wpcf7-quiz\" autocomplete=\"off\" aria-required=\"true\" aria-invalid=\"false\" type=\"text\" name=\"capital-quiz\" \/><\/label><input type=\"hidden\" name=\"_wpcf7_quiz_answer_capital-quiz\" value=\"116de3df2bdc5a174a73edf20595b3f1\" \/><\/span>\n<\/p>\n<p><input class=\"wpcf7-form-control wpcf7-submit has-spinner\" type=\"submit\" value=\"L\u00e4het\u00e4\" \/>\n<\/p><p style=\"display: none !important;\" class=\"akismet-fields-container\" data-prefix=\"_wpcf7_ak_\"><label>&#916;<textarea name=\"_wpcf7_ak_hp_textarea\" cols=\"45\" rows=\"8\" maxlength=\"100\"><\/textarea><\/label><input type=\"hidden\" id=\"ak_js_1\" name=\"_wpcf7_ak_js\" value=\"21\"\/><script>document.getElementById( \"ak_js_1\" ).setAttribute( \"value\", ( new Date() ).getTime() );<\/script><\/p><div class=\"wpcf7-response-output\" aria-hidden=\"true\"><\/div>\n<\/form>\n<\/div>\n ","protected":false},"excerpt":{"rendered":"<p>UUDENMAAN CERAK OY Juha Tuominiemi Villisiantie 10, 01450 Vantaa Puh: 050 &#8211; 408 7223 S\u00e4hk\u00f6posti : cerak ( \u00e4t ) kolumbus.fi tai juha.tuominiemi ( \u00e4t ) kolumbus.fi Ota yhteytt\u00e4 puhelimitse tai s\u00e4hk\u00f6postilla, niin kartoitetaan yhdess\u00e4, mink\u00e4lainen palvelukokonaisuus tai osapalvelu soveltuu juuri Sinun\u00a0 hankkeeseesi.<\/p>\n","protected":false},"author":1,"featured_media":0,"parent":0,"menu_order":0,"comment_status":"closed","ping_status":"closed","template":"","meta":{"footnotes":""},"class_list":["post-44","page","type-page","status-publish","hentry"],"_links":{"self":[{"href":"https:\/\/cerak.fi\/index.php?rest_route=\/wp\/v2\/pages\/44","targetHints":{"allow":["GET"]}}],"collection":[{"href":"https:\/\/cerak.fi\/index.php?rest_route=\/wp\/v2\/pages"}],"about":[{"href":"https:\/\/cerak.fi\/index.php?rest_route=\/wp\/v2\/types\/page"}],"author":[{"embeddable":true,"href":"https:\/\/cerak.fi\/index.php?rest_route=\/wp\/v2\/users\/1"}],"replies":[{"embeddable":true,"href":"https:\/\/cerak.fi\/index.php?rest_route=%2Fwp%2Fv2%2Fcomments&post=44"}],"version-history":[{"count":16,"href":"https:\/\/cerak.fi\/index.php?rest_route=\/wp\/v2\/pages\/44\/revisions"}],"predecessor-version":[{"id":179,"href":"https:\/\/cerak.fi\/index.php?rest_route=\/wp\/v2\/pages\/44\/revisions\/179"}],"wp:attachment":[{"href":"https:\/\/cerak.fi\/index.php?rest_route=%2Fwp%2Fv2%2Fmedia&parent=44"}],"curies":[{"name":"wp","href":"https:\/\/api.w.org\/{rel}","templated":true}]}}