{"id":34,"date":"2017-04-25T07:03:41","date_gmt":"2017-04-25T07:03:41","guid":{"rendered":"http:\/\/cerak.fi\/?page_id=34"},"modified":"2017-04-25T11:54:44","modified_gmt":"2017-04-25T11:54:44","slug":"rakennusliikkeille-ja-perustajaurakoitsijoille","status":"publish","type":"page","link":"https:\/\/cerak.fi\/?page_id=34","title":{"rendered":"Rakennusliikkeille ja perustajaurakoitsijoille"},"content":{"rendered":"<ul> <li><span style=\"font-family: Arial,serif;\"><span style=\"font-size: small;\"><a href=\"http:\/\/cerak.fi\/wp-content\/uploads\/2017\/04\/IMG_6377-e1493106445983.jpg\"><img loading=\"lazy\" decoding=\"async\" class=\"alignright wp-image-75 size-medium\" src=\"http:\/\/cerak.fi\/wp-content\/uploads\/2017\/04\/IMG_6377-e1493106445983-224x300.jpg\" alt=\"\" width=\"224\" height=\"300\" srcset=\"https:\/\/cerak.fi\/wp-content\/uploads\/2017\/04\/IMG_6377-e1493106445983-224x300.jpg 224w, https:\/\/cerak.fi\/wp-content\/uploads\/2017\/04\/IMG_6377-e1493106445983.jpg 478w\" sizes=\"auto, (max-width: 224px) 100vw, 224px\" \/><\/a>Rakennustekninen ty\u00f6maavalvonta ja talotekniikka-asennusten perusvalvonta. Tate &#8211; erikoisvalvonta tarvittaessa yhteisty\u00f6kumppaneittemme kautta.<\/span><\/span><\/li> <li><span style=\"font-family: Arial,serif;\"><span style=\"font-size: small;\">Valvontasuunnitelmat, tarkastusasiakirjat ja aikataulusuunnittelu<\/span><\/span><\/li> <li><span style=\"font-family: Arial,serif;\"><span style=\"font-size: small;\">Ty\u00f6maiden toiminnan- ja laadunhallinnan auditointi, sek\u00e4 ty\u00f6maatoimintojen kehitysty\u00f6<\/span><\/span><\/li> <li><span style=\"font-family: Arial,serif;\"><span style=\"font-size: small;\">Ty\u00f6turvallisuuskonsultointi ja turvallisuuskoordinaattorin teht\u00e4v\u00e4<\/span><\/span><\/li> <li><span style=\"font-family: Arial,serif;\"><span style=\"font-size: small;\">Omanty\u00f6n (itselle luovutus) tarkastukset, ty\u00f6maan avustaminen lopputuloksen laadunhallinnassa<\/span><\/span><\/li> <li><span style=\"font-family: Arial,serif;\"><span style=\"font-size: small;\">Asuntojen \u2013 ja yhteistilojen tarkastukset ja dokumentointi ( esim. ennen ostajien muuttotarkastuksia )<\/span><\/span><\/li> <li><span style=\"font-family: Arial,serif;\"><span style=\"font-size: small;\">Muut rakennustekniset tarkastukset, asiantuntijateht\u00e4v\u00e4t ja lausunnot, riita-asiat, sek\u00e4 erimielisyyksien sovittelu<\/span><\/span><\/li> <\/ul> ","protected":false},"excerpt":{"rendered":"<p>Rakennustekninen ty\u00f6maavalvonta ja talotekniikka-asennusten perusvalvonta. Tate &#8211; erikoisvalvonta tarvittaessa yhteisty\u00f6kumppaneittemme kautta. Valvontasuunnitelmat, tarkastusasiakirjat ja aikataulusuunnittelu Ty\u00f6maiden toiminnan- ja laadunhallinnan auditointi, sek\u00e4 ty\u00f6maatoimintojen kehitysty\u00f6 Ty\u00f6turvallisuuskonsultointi ja turvallisuuskoordinaattorin teht\u00e4v\u00e4 Omanty\u00f6n (itselle luovutus) tarkastukset, ty\u00f6maan avustaminen lopputuloksen laadunhallinnassa Asuntojen \u2013 ja yhteistilojen tarkastukset ja dokumentointi ( esim. ennen ostajien muuttotarkastuksia ) Muut rakennustekniset tarkastukset, asiantuntijateht\u00e4v\u00e4t ja lausunnot, riita-asiat, [&hellip;]<\/p>\n","protected":false},"author":1,"featured_media":0,"parent":0,"menu_order":0,"comment_status":"closed","ping_status":"closed","template":"","meta":{"footnotes":""},"class_list":["post-34","page","type-page","status-publish","hentry"],"_links":{"self":[{"href":"https:\/\/cerak.fi\/index.php?rest_route=\/wp\/v2\/pages\/34","targetHints":{"allow":["GET"]}}],"collection":[{"href":"https:\/\/cerak.fi\/index.php?rest_route=\/wp\/v2\/pages"}],"about":[{"href":"https:\/\/cerak.fi\/index.php?rest_route=\/wp\/v2\/types\/page"}],"author":[{"embeddable":true,"href":"https:\/\/cerak.fi\/index.php?rest_route=\/wp\/v2\/users\/1"}],"replies":[{"embeddable":true,"href":"https:\/\/cerak.fi\/index.php?rest_route=%2Fwp%2Fv2%2Fcomments&post=34"}],"version-history":[{"count":3,"href":"https:\/\/cerak.fi\/index.php?rest_route=\/wp\/v2\/pages\/34\/revisions"}],"predecessor-version":[{"id":83,"href":"https:\/\/cerak.fi\/index.php?rest_route=\/wp\/v2\/pages\/34\/revisions\/83"}],"wp:attachment":[{"href":"https:\/\/cerak.fi\/index.php?rest_route=%2Fwp%2Fv2%2Fmedia&parent=34"}],"curies":[{"name":"wp","href":"https:\/\/api.w.org\/{rel}","templated":true}]}}